1124
In base 4, what is 12 - -132?
210
In base 2, what is 101 + 101?
1010
In base 8, what is -1 - 116?
-117
In base 3, what is -2 + -20211?
-20220
In base 12, what is 5 + -1571?
-1568
In base 5, what is -24331 + 1?
-24330
In base 9, what is 63 + -4?
58
In base 4, what is -2103 - -101?
-2002
In base 10, what is -4 - 152?
-156
In base 10, what is -528 + 0?
-528
In base 4, what is -10 + 1023?
1013
In base 15, what is 1 - -a0?
a1
In base 14, what is -60 + 0?
-60
In base 11, what is -7 - a8?
-104
In base 7, what is -1666 - 3?
-2002
In base 4, what is -111202 + -10?
-111212
In base 3, what is -1121 - 1101?
-2222
In base 9, what is -1 + -37?
-38
In base 6, what is -2135 - -3?
-2132
In base 16, what is -5 + 9db?
9d6
In base 10, what is -881 - -3?
-878
In base 15, what is -2b9 - -2?
-2b7
In base 2, what is 1101 + -111101000?
-111011011
In base 11, what is 502a - 5?
5025
In base 7, what is 12113 - 3?
12110
In base 16, what is -4 + 95?
91
In base 4, what is 0 + -2003?
-2003
In base 12, what is -1 - 14?
-15
In base 9, what is -20 - -7?
-12
In base 11, what is a + 193?
1a2
In base 2, what is -101101 + -10111111?
-11101100
In base 16, what is 9 + 9?
12
In base 6, what is -11 - -41?
30
In base 7, what is 66 - 2?
64
In base 6, what is -5124 - -34?
-5050
In base 6, what is 43434 + 3?
43441
In base 4, what is 102032 - -3?
102101
In base 8, what is -1 + -101?
-102
In base 15, what is 9b + 0?
9b
In base 5, what is 141 - -20?
211
In base 6, what is -23 + 5?
-14
In base 10, what is 2271 - -2?
2273
In base 10, what is 32 - 31?
1
In base 8, what is -11 - 252?
-263
In base 3, what is -10 + 0?
-10
In base 2, what is 1 - -1000?
1001
In base 7, what is 151 - -1?
152
In base 15, what is -4 + -5?
-9
In base 14, what is a6 + -2?
a4
In base 14, what is -4 - 523?
-527
In base 14, what is 691 + 0?
691
In base 6, what is -1302 + -1?
-1303
In base 12, what is -2215 + -2?
-2217
In base 14, what is -d67 - 3?
-d6a
In base 7, what is 22110 - 2?
22105
In base 11, what is 79 - 5?
74
In base 2, what is 110011000 + -1?
110010111
In base 4, what is 213 + 1032?
1311
In base 10, what is -205 + 7?
-198
In base 2, what is -111 + -100001001?
-100010000
In base 10, what is 305 + -1?
304
In base 7, what is 33 - 23?
10
In base 16, what is 1 - 37?
-36
In base 9, what is -1057 - -2?
-1055
In base 14, what is 5 + -2c?
-27
In base 16, what is 7 + -41?
-3a
In base 14, what is -6 + -1d?
-25
In base 4, what is -212 + -2200?
-3012
In base 6, what is 1231 - 24?
1203
In base 13, what is 18 + -24?
-9
In base 13, what is -b + -a?
-18
In base 8, what is 17 + -4?
13
In base 12, what is 422 + 3?
425
In base 10, what is 3 + -3362?
-3359
In base 3, what is -102220 - 2?
-102222
In base 2, what is 101011000110000 + -100?
101011000101100
In base 5, what is -3 + 2011?
2003
In base 12, what is -2 + -132?
-134
In base 2, what is 101 + -10001?
-1100
In base 11, what is 52 + 14?
66
In base 8, what is -1 + -2722?
-2723
In base 16, what is -6 + -16?
-1c
In base 3, what is -121 + -2222?
-10120
In base 4, what is 2133 - -1?
2200
In base 3, what is 0 + -2010?
-2010
In base 12, what is 12b + 5?
134
In base 10, what is -7170 - -4?
-7166
In base 6, what is -32 - 2?
-34
In base 8, what is -13 - -232?
217
In base 5, what is 10 + -3202?
-3142
In base 13, what is 235 - 3c?
1c6
In base 3, what is -122 + 11000?
10101
In base 16, what is 9 + 40?
49
In base 14, what is 46 - c0?
-78
In base 16, what is -49 - -5?
-44
In base 3, what is 2020 - 1122?
121
In base 16, what is -5 + 16e?
169
In base 14, what is 1c8 + 38?
222
In base 2, what is 10100011110111 + -100?
10100011110011
In base 14, what is -1a3 + 1?
-1a2
In base 5, what is 0 - -403?
403
In base 14, what is 4 - -887?
88b
In base 16, what is -bde + 9?
-bd5
In base 4, what is -32330 + 3?
-32321
In base 16, what is 4b + 2?
4d
In base 5, what is 1034 - -10?
1044
In base 2, what is -111000111 + -11?
-111001010
In base 14, what is -9 + 7?
-2
In base 11, what is 91 - -5?
96
In base 2, what is 10011 + 110100?
1000111
In base 10, what is 152 + 2?
154
In base 2, what is 0 + 10100101101?
10100101101
In base 14, what is 340 + 1?
341
In base 12, what is -4 + 12ab?
12a7
In base 6, what is 12404 - -1?
12405
In base 13, what is -4 - 25?
-29
In base 13, what is -4 + 356?
352
In base 5, what is 10 + -1224?
-1214
In base 16, what is -17e - -2b?
-153
In base 4, what is 21 + -31?
-10
In base 2, what is -101 - -10000001?
1111100
In base 10, what is 8 - -38?
46
In base 4, what is 20 + 211?
231
In base 16, what is -12c - c?
-138
In base 9, what is -416 + 2?
-414
In base 11, what is 8 + 141?
149
In base 16, what is -b925 + -1?
-b926
In base 3, what is 1002 - 12011?
-11002
In base 7, what is 606 + 1?
610
In base 14, what is -2 + 27?
25
In base 11, what is 1 + -85?
-84
In base 2, what is -100 - 11011?
-11111
In base 2, what is -110011101011110 - 10?
-110011101100000
In base 5, what is 20 + 324?
344
In base 14, what is -c - 2?
-10
In base 9, what is -1866 - 25?
-2002
In base 10, what is -878 - -12?
-866
In base 11, what is 49 + 6?
54
In base 11, what is 5 - -249?
253
In base 5, what is 3 + -221?
-213
In base 16, what is -3 + -5c?
-5f
In base 5, what is -3 + 400?
342
In base 4, what is 31200 - -33?
31233
In base 15, what is 5 - -15e6?
15eb
In base 6, what is -41 - 13?
-54
In base 3, what is -2200010 + 10?
-2200000
In base 14, what is 3 - 97?
-94
In base 7, what is 2153 + -2?
2151
In base 5, what is 11 - -100?
111
In base 9, what is 5 + -2255?
-2250
In base 16, what is 525 + 0?
525
In base 6, what is 2 + -235?
-233
In base 9, what is 8684 + 1?
8685
In base 10, what is -1178 + -5?
-1183
In base 5, what is 12434 + 2?
12441
In base 5, what is 1414 - -21?
1440
In base 9, what is -670 - -8?
-661
In base 11, what is 2a6 - 7?
29a
In base 4, what is 2 + 3023?
3031
In base 4, what is 121 + 33?
220
In base 12, what is a8 + 6?
b2
In base 15, what is -42 - -31?
-11
In base 15, what is 27 - -ce?
106
In base 16, what is 0 + -bbe?
-bbe
In base 8, what is -232 + -4?
-236
In base 7, what is -4100 - -5?
-4062
In base 11, what is 14a5a - 3?
14a57
In base 16, what is 14 + -12?
2
In base 10, what is 2 + -1231?
-1229
In base 7, what is -3 + -2151?
-2154
In base 5, what is -120 + 20?
-100
In base 15, what is 6 + 8?
e
In base 2, what is -110111 + 111?
-110000
In base 12, what is -b81 + 6?
-b77
In base 6, what is -2 - -3352?
3350
In base 3, what is -221 - -11?
-210
In base 14, what is 0 + 45?
45
In base 5, what is -443 - -10?
-433
In base 13, what is -2 + 2?
0
In base 2, what is 110 + 0?
110
In base 16, what is -635 - -3?
-632
In base 3, what is 12111 + -11000?
1111
In base 7, what is 4 + -1204?
-1200
In base 3, what is -2020201 + -1?
-2020202
In base 15, what is 93a - 3?
937
In base 2, what is 100 - 11010000100?
-11010000000
In base 4, what is -31 - -21?
-10
In base 6, what is 1 - -13?
14
In base 4, what is -110001 - 3?
-110010
In base 13, what is -2 - 15?
-17
In base 14, what is -15 + -a4?
-b9
In base 10, what is -2057 - -3?
-2054
In base 9, what is 24088 + 3?
24102
In base 9, what is 28 - 13?
15
In base 14, what is -65 - -17?
-4c
In base 14, what is 525 - 6?
51d
In base 13, what is -8 - 246?
-251
In base 8, what is 10 + 24?
34
In base 6, what is 2022 - 5?
2013
In base 8, what is 44 - 0?
44
In base 2, what is 10100 - -101?
11001
In base 4, what is 11 + -21231?
-21220
In base 12, what is 2a - -84?
b2
In base 10, what is -31 + -3?
-34
In base 10, what is 2615 + 3?
2618
In base 16, what is 62 - 4?
5e
In base 14, what is -1d98 + 3?
-1d95
In base 6, what is 2 + -1120?
-1114
In base 16, what is 0 - 4?
-4
In base 4, what is -202 + 3?
-133
In base 9, what is 43 - 502?
-448
In base 6, what is 203 - -5?
212
In base 11, what is -2a + 35?
6
In base 4, what is -23 + 213222?
213133
In base 15, what is -c - 13?
-20
In base 7, what is 113 - 6?
104
In base 11, what is -81 + 1?
-80
In base 2, what is 10111 - 10001?
110
In base 4, what is 12320 - 3?
12311
In base 9, what is 4108 + 1?
4110
In base 15, what is 4 - 880?
-87b
In base 10, what is -2 + 310?
308
In base 15, what is e + d5?
e4
In base 16, what is -2b + 8?
-23
In base 3, what is -12002 - 210?
-12212
In base 7, what is -155 + 2?
-153
In base 8, what is -524 - 0?
-524
In base 5, what is 10 + 1144?
1204
In base 12, what is -877 + -4?
-87b
In base 13, what is 16 - -3?
19
In base 16, what is -20 